). Determine r(20).
-14
Let c(g) be the third derivative of -g**5/5 + 5*g**4/24 + g**3/6 + 54*g**2 + 2. Calculate c(1).
-6
Let h(y) be the third derivative of 0*y - 6*y**2 - 1/60*y**5 + 0 - 5/24*y**4 + 5/6*y**3. Suppose -110*q + 120*q + 80 = 0. Determine h(q).
-19
Suppose 5*i = -5*b + 1795, -459 = -4*i - 5*b + 981. Suppose 4*u - 14*u + 2 = -18. Let n(v) = -349*v + i*v - 4 + v**u - 5. What is n(-7)?
-2
Let s(l) = 4*l**2 + 10*l - 7. Let g(n) = -7*n**2 - 19*n + 14. Let m(p) = -3*g(p) - 5*s(p). Let u(v) = v**3 + 17*v**2 + 18*v + 25. Let i be u(-16). Give m(i).
-7
Let v(n) = -n**2 + 6*n - 10. Suppose -350 = 25*p - 500. Calculate v(p).
-10
Let x(m) = -m**2 + m. Let c(g) = 3*g**2 - 8*g + 2. Let f(y) = -c(y) - 5*x(y). Let r(b) = -b + 11. Let a be r(14). Calculate f(a).
7
Let g(m) = -m**2 + 10*m - 9. Let u(s) = -12*s**2 - 84*s - 1. Let h be u(-7). Let w be (34 - 35)/(h - 10/(-12)). Calculate g(w).
15
Let o(f) = 6 - 8 - 32 + f**2 + 47 - 22*f. Calculate o(22).
13
Let m(d) = -12*d**2 - d. Let p(f) = 3*f**2 + 120*f + 12. Let k be p(-40). Suppose 0 = -7*h + k*h - 5. Determine m(h).
-13
Let r(k) = -23*k**3 - 52*k**2 - 126*k - 28. Let w(n) = -5*n**3 - 13*n**2 - 31*n - 6. Let f(o) = -2*r(o) + 9*w(o). Determine f(15).
47
Let v(y) = y + 9. Let g be v(-2). Suppose -g*z + 0 - 14 = 0. Let f(q) be the third derivative of q**4/12 + q**3/3 - 2*q**2. What is f(z)?
-2
Let a = -6874 + 6876. Let v(m) = -3*m**3 + 3*m**2 - 12*m + 23. Give v(a).
-13
Let r(h) be the first derivative of -4/3*h**3 - h - 1/4*h**4 + 56 + 1/2*h**2. What is r(-4)?
-5
Suppose -2*f + u = -15, 11*f + 37 = 15*f + 5*u. Let n(t) = -f - 77*t + 159*t + 0 - 81*t. Determine n(12).
4
Let z(p) = -p**3 - p - 2. Let c(m) = 8*m**2 - 8*m**2 - 4*m**3 + 2*m**3 + 4*m**3 - 6*m - 9. Let y(s) = -c(s) + 4*z(s). Let a = 0 - 1. Determine y(a).
5
Let w = 5 - 4. Suppose m - 4 - w = 0. Let t(h) = h**3 + 9*h**2 - 33*h**2 - 2*h + 10*h**2 - 4 + 4*h + 9*h**2. Calculate t(m).
6
Let h(x) = -18*x - 2490 + 1239 + 1237. Calculate h(3).
-68
Let g(r) = -r - 7. Let k(x) = -70*x - 7. Let v be k(-7). Let l = 478 - v. What is g(l)?
-2
Suppose 12 = -6*b + 3*b. Suppose -12 = -3*q - 0. Let w(j) = 601 - 597 + q*j - 3*j. Determine w(b).
0
Suppose 91 + 74 = 15*z. Let v(o) = 11*o - z*o - o. Suppose -5*q - 4*j - 37 = -2*q, -5*q = -2*j + 27. Calculate v(q).
7
Let g(d) = -3*d + 9. Let k(h) = 4*h + 64. Let f be k(-10). Suppose f = 98*t - 95*t. Determine g(t).
-15
Let j(c) be the first derivative of c**5/60 + c**4/4 + c**3/2 + 15*c**2/2 + 5*c + 27. Let u(v) be the second derivative of j(v). Determine u(-6).
3
Let g(h) = -h + 9. Let w(s) = s - 6. Let f be w(5). Let z = -2226 + 2223. Let r be -1*(3 + (-11 - z) + f). Determine g(r).
3
Suppose 2*d - 84 = 2*b - 0*b, -4*d - 5*b + 213 = 0. Let o = 50 - d. Let x(m) = 2*m + 5*m**o + 6 - 3*m**2 - 6*m**3 - 4 - 1. Give x(-3).
-5
Let w(d) = d**3 - 3*d + 4 - 30*d**2 + 7*d**2 + 28*d**2. Determine w(-6).
-14
Let c(l) = -7*l**2 - 9*l + 2. Let r(z) = 2*z**3 - 71*z**2 - 37*z + 27. Let w be r(36). Let k(q) = 3*q**2 + 4*q - 1. Let o(i) = w*k(i) - 4*c(i). Calculate o(4).
17
Let u(y) = y**3 + 6*y**2 - y + 5. Let l be -5 + (-2 - -1 - (29 - 29)). Determine u(l).
11
Let l be (-2 + 8)/(18/4 + -5). Let p(u) be the second derivative of -u**5/20 - u**4 - u**3/3 - 29*u**2/2 - 919*u. Determine p(l).
-5
Let j(t) = 127*t - 2131. Let p be j(17). Let i(o) = -o**3 + 28*o**2 + o - 38. Determine i(p).
-10
Let m(j) = 9336856*j + 8 - 9336858*j + 1. Let x(b) = b**2 + b + 6. Let u be x(0). Give m(u).
-3
Let y(b) = 2781*b**3 + 2*b - 3 + 4 + b**2 - 2782*b**3. Let m(z) = 8*z**2 + 1. Let q be m(1). Let a = 8 - q. Give y(a).
1
Suppose 31 - 68 = -37*d. Let g(y) = -7*y**3 - 4*y**2 + 7*y - 3. Give g(d).
-7
Let x(d) = d**2 + 12*d - 10. Suppose 1713 - 30 = -99*y. Calculate x(y).
75
Suppose -5*n = u + 4 + 9, 4*u + n = 5. Let a(x) = 5*x - 10 + 0 - u*x. Let m(c) = -c + 1. Let d(s) = a(s) + 2*m(s). What is d(8)?
0
Let z(m) be the first derivative of -7/2*m**2 - 7*m - 1/4*m**4 - 2*m**3 - 5. Determine z(-5).
3
Suppose 2*l - 16 + 1 = -r, 0 = 4*l + 4*r - 16. Let w(d) = -d + 32. What is w(l)?
21
Let d(i) = 9*i**3 + 2*i**2 + i - 1. Let l = -957 + 956. Let v be d(l). Let c(s) = -s**2 - 8*s - 3. Determine c(v).
-12
Let b(l) = -91 + 1223*l + 1203*l - 2444*l. Calculate b(-5).
-1
Let i be (2 - 15/10)/(2/28 + 0). Let o(m) = -3*m + 7. Let p(y) be the third derivative of -5*y**4/12 + 11*y**3/3 + y**2. Let g(u) = i*o(u) - 2*p(u). Give g(7).
-2
Let x(y) be the second derivative of -y**5/20 - 7*y**4/6 + 4*y**2 + 22*y - 1. What is x(-14)?
8
Let k be 40/6 + 2/6. Let p be (238/7)/(3/18*(2 - -4)). Suppose k*j - 6 = -p. Let v(f) = f - 2. Calculate v(j).
-6
Let y(r) be the third derivative of r**5/60 - 7*r**4/6 + 59*r**3/2 + 4276*r**2. Give y(18).
-3
Let g = -21830 + 21835. Let j(r) = r**3 - 4*r**2 - 16*r + 5. What is j(g)?
-50
Let d(k) = -13*k - 11. Let w(b) = -7*b - 5. Let v(g) = -6*d(g) + 11*w(g). Let s = 3 + 94. Let o = 90 - s. What is v(o)?
4
Let j(n) = -6*n - 9. Let m = -305 - -332. Let o(d) = 11*d - 304. Let a be o(m). Determine j(a).
33
Let l = 150 - 139. Suppose 1 = -10*a + l. Let b(z) = -16*z**3 + z**2 + z - 1. Determine b(a).
-15
Let i be (-2)/(-13) - 54/(-1755)*-70. Let s(j) = 40*j - 12. Give s(i).
-92
Let q(h) = h**3 - 8*h**2 + 16*h + 6. Suppose 170*t = 182*t - 84. Determine q(t).
69
Let c(j) = -11*j**2 - 9*j + 2. Let n be c(-2). Let v(s) = -s**2 - 23*s + 35. Let m be v(n). Let l(a) = a**3 + 3*a**2 + 13*a + 0*a - m*a - 2. Calculate l(-2).
-2
Let o(n) = n**2 - 4*n - 50. Let s be o(8). Let d be 22/6 + ((-6)/s - 1). Let x(q) = q**d + 4*q + 12 - 11 - 5*q + 3*q**2. What is x(-3)?
4
Suppose j - 3*l = -l + 5, 0 = -3*j - 4*l + 35. Suppose -12*u = -j*u. Let v(s) = 1 - 387*s + u*s**2 + s**2 + 381*s. Determine v(7).
8
Let z = 2179 - 2176. Let k(d) = 0*d - 10 + 11 - 4*d + d**2. What is k(z)?
-2
Let o(x) = -148*x**2 - 155*x**2 + 302*x**2 + 2*x. Let a be 4 - 5/(5/6). Give o(a).
-8
Let l(u) = 8*u**3 + 14*u**2 - 10*u - 1. Let s(h) = -15*h**3 - 25*h**2 + 18*h + 2. Let x(f) = 7*l(f) + 4*s(f). Determine x(-2).
21
Let f = -31 + 33. Suppose -h + 8 = -4*b - 83, 5*b = f*h - 170. Let k(p) = h + p + p - 38 - 36 - 8*p**3. Calculate k(-1).
7
Let a(r) be the second derivative of -r**5/20 - r**4/2 - 3*r**3/2 - 8*r**2 + 1091*r. Determine a(-5).
4
Let y(j) = -j + 6. Let m(o) = -2*o**2 - 2*o - 29. Let u(b) = 3*b**2 + 3*b + 2*b + 23 + 35. Let f(x) = -5*m(x) - 3*u(x). Let g be f(9). Calculate y(g).
-1
Let z be 26/(-26)*(3 + (0 - 458)). Let t = z - 452. Let i(d) = 2*d**3 - 4*d**2 + 4. What is i(t)?
22
Let z(o) = -23*o**3 - 87*o**2 + o + 161. Let y(p) = 8*p**3 + 29*p**2 - p - 55. Let t(b) = 17*y(b) + 6*z(b). What is t(-14)?
-11
Suppose 3*i + 4*g - 3196 + 3172 = 0, 0 = -3*i - 2*g + 18. Let y(b) = 7*b**2 - b - 1. Let n(f) = -8*f**2 + f. Let s(k) = -5*n(k) - 6*y(k). Determine s(i).
-22
Let t(v) = 2*v**2 + 4*v + 33. Let s(u) = -u**2 - 12. Let f(w) = 3*s(w) + t(w). Let x = 20 + -22. Let z be ((-8)/x)/4 - -1. Calculate f(z).
1
Let m(d) = 14*d - 3. Let c(q) = q + 2. Suppose -4*x + 16 = 20. Let h(y) = x*c(y) - m(y). Give h(-1).
16
Let n(u) = -14*u - 2*u**2 + 48*u - 2345543 + 2345395. Give n(9).
-4
Let m(c) = 6*c**2 + 764*c + 763. Let g be m(-1). Let i(q) = 2*q**2 + 5*q + 7. What is i(g)?
82
Suppose 215*l = 274*l + 22 + 332. Let t(b) = 3*b**3 + b**3 + 8*b**2 - 3*b**3 + 4*b - 2*b**2 + 3. What is t(l)?
-21
Let t = -6679 + 6685. Let p(j) = 3*j - 7 - 1 + 15. Let d(m) = -m. Let o(r) = 5*d(r) + p(r). What is o(t)?
-5
Let q(x) = -x**2 + 14*x - 9. Let j(c) = -2*c + 2. Let h(i) = 5*j(i) + q(i). Let l be (8/5)/(3/75). Let g = 43 - l. Give h(g).
4
Suppose -2*j = 5*g - 2, -7 + 2 = g - 5*j. Let t(k) = 2*k**3 - k**2 + 2*k + 16. Give t(g).
16
Let z be (-1)/(-3) + (-40)/30. Let c(f) = -f**3 - 12*f**2 - 11*f + 14. Let i be c(-11). Let u(s) = -2*s - i - 3*s + 13. What is u(z)?
4
Let j(x) be the first derivative of 2*x**3/3 - x**2 - 3*x - 207. Let d(p) = -2*p**2 + 3*p + 3. Let i(u) = 5*d(u) + 6*j(u). Calculate i(-3).
6
Let b(g) = -17 - g**2 + 11*g - 56 + 61. Let z be 1/((-30)/33 + 1). Give b(z).
-12
Let z = -204 + 35. Let g = z + 162. Let n(b) = 3*b + 17. Give n(g).
-4
Suppose -5*j = 2*r - 0*r - 3, 2*j + 5*r = -3. Let h(v) = -4*v**2 - v + 3. Give h(j).
-2
Let m(c) = -c**3 - 4*c**2 - c + 2. Let v = -35 - -60. Suppose 5*y - 10 